d 726.
6
Let y be 4 + -1 + (-7 - 0). Let d(p) = -8*p - 30. Let r be d(y). Calculate the greatest common factor of r and 3.
1
Let g = 1 - 20. Let q = 17 + g. Let i be (-954)/(-12) - 3/q. What is the highest common factor of 9 and i?
9
Let c be 4 + (2 - (-2 - -3)). Let d = c + 8. Let l(i) = -i**3 + 3*i**2 + 2*i + 4. Let h be l(-3). What is the greatest common divisor of h and d?
13
Let v(h) = 2*h - 11. Let d be v(8). Let n be 4*1/2 + d. Suppose -17 = -8*f + n*f. Calculate the highest common divisor of 136 and f.
17
Let n(p) = p + 38. Let l(b) = -8*b - 3. Let z be l(2). Let s be n(z). What is the highest common factor of 19 and s?
19
Let f be (-608)/(-6) - 2/(-3). Suppose 5*c + 20 = 0, 18*c - 13*c = 4*p - 292. What is the highest common divisor of p and f?
34
Let n = 15 + -15. Let z(x) = -19*x + 7. Let k be z(-3). Suppose -w - 3*w + k = n. What is the greatest common factor of 16 and w?
16
Suppose -5*j + 2*b = 1 - 27, 3*j - 27 = 5*b. Calculate the highest common divisor of 100 and j.
4
Let s = -36 - -40. Suppose 3*w + 45 = s*w - 2*x, 4*x = -3*w + 105. Calculate the highest common factor of w and 39.
39
Let h(z) = 13*z - 9. Let b be ((-4)/5)/(8/100). Let m be (42/(-35))/(4/b). Let p be h(m). Calculate the highest common factor of p and 12.
6
Suppose 30 = 5*n - 3*x, -2*n + 4*x = n - 29. Let z = -241 + 798. Suppose n*i - 145 - z = 0. Calculate the greatest common factor of 26 and i.
26
Suppose 222 = 3*b + 3*q - 102, -5*b + 519 = -2*q. Calculate the highest common divisor of b and 63.
21
Suppose -f = 3, 11*b - 13*b + 2447 = f. Calculate the highest common factor of b and 25.
25
Let d be (-1 - -1) + 368/2. Let n be (d/(-16))/((-2)/68). Suppose 0 = z + 3*w - 117, -z = 2*z + w - n. Calculate the greatest common factor of 12 and z.
12
Suppose 27 + 15 = 7*l. Suppose -2*m + l + 26 = 0. What is the highest common divisor of 2 and m?
2
Let s(h) = h**3 + 2*h**2 - 5. Let v(n) = 3*n**3 + 7*n**2 - n - 14. Let f(d) = -8*s(d) + 3*v(d). Let z be f(-5). What is the highest common divisor of 104 and z?
13
Suppose 143*s - 192 = 111*s. Let u = 0 + 12. What is the highest common factor of u and s?
6
Suppose g + 4*i - 12 = -5, 5*g - 16 = -i. Suppose 5*f - 44 = z, -f + 5*f + g*z = 20. What is the highest common divisor of 88 and f?
8
Let u be 11*62 - 0*8/32. Calculate the highest common divisor of u and 62.
62
Let t = 936 - 459. What is the greatest common divisor of 106 and t?
53
Let q = -2054 + 2219. What is the greatest common factor of q and 275?
55
Let l be (4 - 6) + 6 + -28. Let b = l - -28. Calculate the highest common factor of b and 4.
4
Let s be 6*104/12*115/20. Calculate the highest common divisor of 13 and s.
13
Let w = -69 + 123. Let k = w - 47. What is the highest common factor of 49 and k?
7
Let x be ((-23)/(-23))/(1/(-77)*1). Let y = 0 - x. What is the greatest common divisor of y and 33?
11
Suppose 10*x - 14*x = -192. Calculate the greatest common divisor of x and 16.
16
Suppose -16*w + 4*x + 16 = -14*w, 5*x + 12 = 2*w. Let d(n) = 12*n - 2. Let l be d(-8). Let r = l + 138. Calculate the greatest common divisor of w and r.
8
Let q(i) = i - 1. Let j be q(-2). Let h(r) = r + 3. Let w be h(j). Let z be 32/(-6)*(-3 + w). What is the greatest common divisor of 64 and z?
16
Let c be (-4)/(-12)*-3 + 3. Let r(y) = 3*y + c + 4 - 2*y**2 + 0 - 7*y**3. Let p be r(-3). What is the greatest common factor of p and 24?
24
Suppose -11*j = -186 - 34. Calculate the greatest common factor of 30 and j.
10
Suppose -z - 178 = -3*z + 2*p, -2*p = 0. What is the greatest common factor of z and 445?
89
Let r(k) = -k**3 + 13*k**2 - 35*k - 5. Let y be r(9). What is the greatest common factor of 20 and y?
4
Let d be (0 - -244) + (-15)/(-15). Calculate the greatest common factor of 98 and d.
49
Suppose -2*m - 3*n = -300, -3*m - 5*n = -485 + 33. Let v be -6*20/(-6) + -2. Calculate the greatest common divisor of v and m.
18
Let d be (-2)/(-1) - 10/(-2). Suppose -3*k = 1 - d. Suppose 4*n - r = k*r + 356, 0 = 5*n - 3*r - 448. What is the greatest common factor of 23 and n?
23
Let j be 1*112 - 2 - -4. Let p(z) = 2*z**2 - z - 63. Let m be p(8). What is the greatest common factor of m and j?
57
Let z = -102 - -49. Let t = 54 + z. What is the greatest common factor of 11 and t?
1
Suppose 0 = -a - 2*a - 15. Let w be (-1506)/(-30) + 1/a. Let p = 1 - -19. Calculate the greatest common divisor of w and p.
10
Let u = 4137 - 4105. Let q = 79 + 49. What is the highest common divisor of q and u?
32
Suppose 0 = 4*u - 3*r - 489, -4*u + 312 + 202 = 2*r. Suppose 0 = -27*i + 33*i - 108. What is the highest common divisor of u and i?
18
Suppose -3*t - 45 = -6*t. Suppose 0 = 5*h, -15 - 9 = -4*f - 5*h. What is the highest common divisor of f and t?
3
Suppose -130 = -2*w - 26. Calculate the greatest common divisor of 351 and w.
13
Let a be ((-2)/6)/((-7)/(-42)) - -30. Calculate the highest common divisor of a and 476.
28
Suppose -4*h + 4*s + 464 = h, 2*s - 8 = 0. Suppose 8*f - 4*f - 5*n - 106 = 0, -2*f - 4*n = -40. What is the greatest common factor of h and f?
24
Let r(v) = v**3 + 6*v**2 + v + 2. Let w be r(-6). Let k be w/14 + (-1692)/(-42). Calculate the greatest common divisor of k and 8.
8
Let f = 17 + -14. Let r(b) = -2 - b**2 + 47*b**3 + 0*b**f + 3*b - 20*b**3 + 28*b**3. Let a be r(1). What is the greatest common divisor of a and 11?
11
Suppose 2*t = 4, t + 0 = -2*b + 2. Suppose -3*g + 31 + 11 = b. What is the greatest common factor of 70 and g?
14
Suppose 3*k + 54 = -0. Let q(y) = y**2 + 18*y + 16. Let g be q(k). Calculate the greatest common divisor of 16 and g.
16
Suppose -31*k = -30*k - 24. Calculate the highest common divisor of 18 and k.
6
Suppose -9 = 3*i, 4*m = -m + 2*i + 286. Calculate the greatest common divisor of m and 7.
7
Let u(g) = g + 57. Let i be u(-28). Let x be -1 + (3 + 233)/4. What is the greatest common divisor of x and i?
29
Let p = -3 + -1. Let g be -1 + p/(16/(-92)). Let f be (-8)/4*(-4)/4. What is the highest common factor of g and f?
2
Suppose 4*u + 8 = -5*t, -1 = -u - 2*t - 6. What is the greatest common divisor of u and 21?
3
Suppose v = -1, -5*v + 0*v + 1369 = -3*f. Let h be (3/(-5) + f/(-5))*1. Suppose 2*o - 14 = 12. Calculate the highest common divisor of o and h.
13
Suppose 0 = -x - 37 + 100. Let b be x - (-4 - (0 + -3)). Let l = b - -13. What is the greatest common divisor of l and 7?
7
Let z = -123 - -150. Suppose 2*u + 0*s = 5*s - 17, -4*s + 12 = -2*u. Suppose -u*l + 48 = -3*p, p - 4*p = l - z. What is the greatest common factor of 6 and l?
3
Let q be (51/85)/(1/20). Suppose 5*j = 2*b - 312, b = j + 49 + 107. What is the greatest common factor of b and q?
12
Suppose 38 = -5*y + 103. Let h = 22 - y. Let g = h + -7. Calculate the greatest common divisor of g and 10.
2
Suppose 2*s - h + 26 = 0, s = 4*h - 7 - 6. Let j = 1612 + -832. Let v be (4/(-6))/(s/j). What is the highest common divisor of 8 and v?
8
Let p(h) = 7*h + 2. Let w be p(2). Suppose -5*b - 4*x = -316, 3*b + 17*x - 189 = 14*x. What is the highest common divisor of b and w?
16
Let z(h) = 12*h**3 - 3*h**2 + 11*h - 11. Let p be z(3). What is the greatest common divisor of 33 and p?
11
Let i = -553 + 587. What is the highest common factor of i and 10?
2
Let r(n) = 10*n + 174. Let o be r(-17). Calculate the greatest common divisor of 10 and o.
2
Suppose -j + 10 = y - 10, 2*j - 4*y = 52. What is the highest common divisor of 2 and j?
2
Let n = 191 - 188. Suppose n*z = 18 + 90. Suppose 2*h - 168 = -24. Calculate the greatest common factor of z and h.
36
Let z = -289 + 301. Let t = -22 + 6. Let p = -8 - t. Calculate the greatest common divisor of p and z.
4
Let c = -144 - -150. What is the highest common factor of c and 381?
3
Suppose -5*v - 86 = 29. Let s = v + 27. Calculate the highest common factor of s and 20.
4
Suppose x - 3 = -7. Let l be 34/x*(-22 + 16). Let j = l - -39. What is the highest common divisor of 10 and j?
10
Let w = 68 - 40. Let u(c) = 5*c**2 - 1. Let s be 6/(-10) + 48/30. Let r be u(s). What is the greatest common divisor of r and w?
4
Suppose -3*t + 9*v - 6*v + 6 = 0, -2*t - 2 = -4*v. Let p = 304 + -194. Suppose t*q = p + 170. What is the greatest common divisor of q and 7?
7
Let v be 15/(-6)*(9 - 622/10). Calculate the greatest common divisor of 57 and v.
19
Let x(l) = 2*l**3 + 1. Let p be